{"id":520,"date":"2022-04-22T11:37:43","date_gmt":"2022-04-22T11:37:43","guid":{"rendered":"https:\/\/artmediation.art\/?page_id=520"},"modified":"2022-04-22T22:30:05","modified_gmt":"2022-04-22T22:30:05","slug":"janusz-wojcik","status":"publish","type":"page","link":"https:\/\/artmediation.art\/index.php\/janusz-wojcik\/","title":{"rendered":"Janusz W\u00d3JCIK\ufffc"},"content":{"rendered":"<p>[et_pb_section fb_built=&#8221;1&#8243; _builder_version=&#8221;4.17.0&#8243; _module_preset=&#8221;default&#8221; global_colors_info=&#8221;{}&#8221;][et_pb_row column_structure=&#8221;2_5,3_5&#8243; _builder_version=&#8221;4.17.0&#8243; _module_preset=&#8221;default&#8221; global_colors_info=&#8221;{}&#8221;][et_pb_column type=&#8221;2_5&#8243; _builder_version=&#8221;4.17.0&#8243; _module_preset=&#8221;default&#8221; global_colors_info=&#8221;{}&#8221;][et_pb_video src=&#8221;https:\/\/youtu.be\/9IuzaPFG1IE&#8221; _builder_version=&#8221;4.17.0&#8243; _module_preset=&#8221;default&#8221; global_colors_info=&#8221;{}&#8221;][\/et_pb_video][et_pb_gallery gallery_ids=&#8221;526,527,541,538,540,542,543,533,534,528,530,529,531,539,536,532,535,537&#8243; fullwidth=&#8221;on&#8221; _builder_version=&#8221;4.17.0&#8243; _module_preset=&#8221;default&#8221; global_colors_info=&#8221;{}&#8221;][\/et_pb_gallery][\/et_pb_column][et_pb_column type=&#8221;3_5&#8243; _builder_version=&#8221;4.17.0&#8243; _module_preset=&#8221;default&#8221; global_colors_info=&#8221;{}&#8221;][et_pb_text _builder_version=&#8221;4.17.0&#8243; _module_preset=&#8221;default&#8221; global_colors_info=&#8221;{}&#8221;]<\/p>\n<h2><strong>Janusz W\u00d3JCIK<\/strong><\/h2>\n<p>3dArtech<\/p>\n<p>Polska | Poland<\/p>\n<p>&nbsp;<\/p>\n<h3><strong>SkribiArt. Nowe technologie dla sztuki | SkribiArt. <\/strong><strong>New technologies for art<\/strong><\/h3>\n<p>&nbsp;<\/p>\n<p>[\/et_pb_text][et_pb_accordion _builder_version=&#8221;4.17.0&#8243; _module_preset=&#8221;default&#8221; hover_enabled=&#8221;0&#8243; global_colors_info=&#8221;{}&#8221; sticky_enabled=&#8221;0&#8243;][et_pb_accordion_item title=&#8221;3dArtech&#8221; open=&#8221;on&#8221; _builder_version=&#8221;4.17.0&#8243; _module_preset=&#8221;default&#8221; hover_enabled=&#8221;0&#8243; global_colors_info=&#8221;{}&#8221; sticky_enabled=&#8221;0&#8243;]<\/p>\n<p style=\"text-align: justify;\"><strong>[PL]\u00a0<\/strong>3dArtech jest producentem innowacyjnych paneli dekoracyjnych 3D do wn\u0119trz i elewacji budynk\u00f3w przy u\u017cyciu w\u0142asnej autorskiej technologii SkribiArt. 3dArtech produkuje i sprzedaje panele wed\u0142ug w\u0142asnych projekt\u00f3w, a tak\u017ce \u015bwiadczy us\u0142ugi w zakresie realizacji powierzonych projekt\u00f3w.<\/p>\n<p class=\"v1MsoNormal\" style=\"text-align: justify;\">Pocz\u0105tki s\u0105 zwi\u0105zane z drukiem 3D FDM, budow\u0105 specjalistycznych maszyn CNC, budow\u0105 drukarek 3D Gaja do gliny oraz termoformierek Vacu3d. Sp\u00f3\u0142ka prowadzi z sukcesem badania\u00a0nad wykorzystaniem druku 3D w tworzeniu ustroj\u00f3w akustycznych. Od kilku lat zajmuje si\u0119 wykorzystaniem druku 3D i modelowania mas w kontek\u015bcie narz\u0119dzi dla sztuki.<\/p>\n<p class=\"v1MsoNormal\" style=\"text-align: justify;\">Bracia Jaros\u0142aw W\u00f3jcik i Janusz W\u00f3jcik zarz\u0105dzaj\u0105cy Sp\u00f3\u0142k\u0105, s\u0105 tw\u00f3rcami technologii SkribiArt przeznaczonej dla artyst\u00f3w, architekt\u00f3w i projektant\u00f3w do zastosowa\u0144 w wystroju wn\u0119trz oraz elewacji. Obecnie trwaj\u0105 r\u00f3wnie\u017c prace, nad technologi\u0105 ARKUS do druku 3D prefabrykat\u00f3w z beton\u00f3w dla budownictwa na skal\u0119 przemys\u0142ow\u0105.<\/p>\n<p style=\"text-align: justify;\"><strong>[ENG]\u00a0<\/strong>3dArtech is a producer of innovative decorative panels 3D for interiors and building facades, using our proprietary SkribiArt technology. 3dArtech produces and sells panels according to its own designs, and also provides services in the implementation of entrusted projects.<\/p>\n<p class=\"v1MsoNormal\" style=\"text-align: justify;\"><span lang=\"EN-US\">The beginnings are related to FDM 3D printing, construction of specialized CNC machines, construction of Gaja 3D printers for clay and Vacu3d thermoformers. The company successfully conducts research on the use of 3D printing in the creation of acoustic systems. He has been working for several years using 3D printing and mass modeling in the context of tools for art.<\/span><\/p>\n<p class=\"v1MsoNormal\" style=\"text-align: justify;\"><span lang=\"EN-US\">The brothers Jaros\u0142aw W\u00f3jcik and Janusz W\u00f3jcik, who manage the Company, are the creators of the SkribiArt technology intended for artists, architects and designers for use in interior and facade decoration. Currently, works are also underway on the ARKUS technology for 3D printing of precast concrete elements for the construction industry on an industrial scale.<\/span><\/p>\n<p>[\/et_pb_accordion_item][et_pb_accordion_item title=&#8221;Abstrakt&#8221; _builder_version=&#8221;4.17.0&#8243; _module_preset=&#8221;default&#8221; global_colors_info=&#8221;{}&#8221; open=&#8221;off&#8221;]<\/p>\n<p style=\"text-align: justify;\"><strong>[PL]\u00a0<\/strong>\u015awiatowa premiera technologii SkribiArt mia\u0142a miejsce jesieni\u0105 2021 roku na targach \u201eDni Druku 3D\u201d w Kielcach. Technologia SkribiArt jest odpowiedzi\u0105 na zapotrzebowanie rynku na automatyczne wytwarzanie kr\u00f3tkich serii spersonalizowanych dekoracji przestrzennych, w tym tekstur architektonicznych, kt\u00f3re mo\u017cna by por\u00f3wna\u0107 z r\u0119cznie wykonywanymi pracami rze\u017abiarzy. Technologia SkribiArt gwarantuje realizacj\u0119 oryginalnych projekt\u00f3w artystycznych w przewidywalny spos\u00f3b nawet w du\u017cych obiektach architektonicznych.<\/p>\n<p style=\"text-align: justify;\"><strong>[ENG]\u00a0<\/strong>World premiere of SkribiArt technology took place in autumn 2021 at the fair &#8220;3D Printing Days&#8221; in Kielce. SkribiArt technology is the response to the market demand for the automatic production of short series of personalised spatial decorations, including architectural textures, which would be seen on a par with handmade works created by sculptors. SkribiArt technology guarantees the realization of original artistic designs in a predictable way even in large architectural objects.<\/p>\n<p>[\/et_pb_accordion_item][\/et_pb_accordion][et_pb_image src=&#8221;https:\/\/artmediation.art\/wp-content\/uploads\/2022\/04\/logo-artech.png&#8221; title_text=&#8221;logo artech&#8221; url=&#8221;https:\/\/3dartech.com\/&#8221; url_new_window=&#8221;on&#8221; _builder_version=&#8221;4.17.0&#8243; _module_preset=&#8221;default&#8221; global_colors_info=&#8221;{}&#8221;][\/et_pb_image][\/et_pb_column][\/et_pb_row][\/et_pb_section]<\/p>\n","protected":false},"excerpt":{"rendered":"<p>Janusz W\u00d3JCIK 3dArtech Polska | Poland &nbsp; SkribiArt. Nowe technologie dla sztuki | SkribiArt. New technologies for art &nbsp;[PL]\u00a03dArtech jest producentem innowacyjnych paneli dekoracyjnych 3D do wn\u0119trz i elewacji budynk\u00f3w przy u\u017cyciu w\u0142asnej autorskiej technologii SkribiArt. 3dArtech produkuje i sprzedaje panele wed\u0142ug w\u0142asnych projekt\u00f3w, a tak\u017ce \u015bwiadczy us\u0142ugi w zakresie realizacji powierzonych projekt\u00f3w. Pocz\u0105tki s\u0105 [&hellip;]<\/p>\n","protected":false},"author":1,"featured_media":540,"parent":0,"menu_order":0,"comment_status":"closed","ping_status":"closed","template":"","meta":{"_et_pb_use_builder":"on","_et_pb_old_content":"","_et_gb_content_width":"","footnotes":""},"class_list":["post-520","page","type-page","status-publish","has-post-thumbnail","hentry"],"_links":{"self":[{"href":"https:\/\/artmediation.art\/index.php\/wp-json\/wp\/v2\/pages\/520","targetHints":{"allow":["GET"]}}],"collection":[{"href":"https:\/\/artmediation.art\/index.php\/wp-json\/wp\/v2\/pages"}],"about":[{"href":"https:\/\/artmediation.art\/index.php\/wp-json\/wp\/v2\/types\/page"}],"author":[{"embeddable":true,"href":"https:\/\/artmediation.art\/index.php\/wp-json\/wp\/v2\/users\/1"}],"replies":[{"embeddable":true,"href":"https:\/\/artmediation.art\/index.php\/wp-json\/wp\/v2\/comments?post=520"}],"version-history":[{"count":10,"href":"https:\/\/artmediation.art\/index.php\/wp-json\/wp\/v2\/pages\/520\/revisions"}],"predecessor-version":[{"id":607,"href":"https:\/\/artmediation.art\/index.php\/wp-json\/wp\/v2\/pages\/520\/revisions\/607"}],"wp:featuredmedia":[{"embeddable":true,"href":"https:\/\/artmediation.art\/index.php\/wp-json\/wp\/v2\/media\/540"}],"wp:attachment":[{"href":"https:\/\/artmediation.art\/index.php\/wp-json\/wp\/v2\/media?parent=520"}],"curies":[{"name":"wp","href":"https:\/\/api.w.org\/{rel}","templated":true}]}}