{"id":139,"date":"2022-04-14T08:19:24","date_gmt":"2022-04-14T08:19:24","guid":{"rendered":"https:\/\/artmediation.art\/?page_id=139"},"modified":"2022-04-22T10:29:15","modified_gmt":"2022-04-22T10:29:15","slug":"francesco-di-paola","status":"publish","type":"page","link":"https:\/\/artmediation.art\/index.php\/francesco-di-paola\/","title":{"rendered":"Francesco DI PAOLA"},"content":{"rendered":"<p>[et_pb_section fb_built=&#8221;1&#8243; _builder_version=&#8221;4.17.0&#8243; _module_preset=&#8221;default&#8221; global_colors_info=&#8221;{}&#8221;][et_pb_row column_structure=&#8221;2_5,3_5&#8243; _builder_version=&#8221;4.17.0&#8243; _module_preset=&#8221;default&#8221; global_colors_info=&#8221;{}&#8221;][et_pb_column type=&#8221;2_5&#8243; _builder_version=&#8221;4.17.0&#8243; _module_preset=&#8221;default&#8221; global_colors_info=&#8221;{}&#8221;][et_pb_gallery gallery_ids=&#8221;143&#8243; fullwidth=&#8221;on&#8221; _builder_version=&#8221;4.17.0&#8243; _module_preset=&#8221;default&#8221; global_colors_info=&#8221;{}&#8221;][\/et_pb_gallery][\/et_pb_column][et_pb_column type=&#8221;3_5&#8243; _builder_version=&#8221;4.17.0&#8243; _module_preset=&#8221;default&#8221; global_colors_info=&#8221;{}&#8221;][et_pb_text _builder_version=&#8221;4.17.0&#8243; _module_preset=&#8221;default&#8221; custom_padding=&#8221;2px|||||&#8221; global_colors_info=&#8221;{}&#8221;]<\/p>\n<h2>Francesco DI PAOLA<\/h2>\n<p>Professore associato | PhD, Associate Professor<br \/><strong>Universita\u0300 degli Studi di Palermo | University of Palermo<\/strong><\/p>\n<h4><\/h4>\n<h4><span style=\"color: #000000;\"><strong>Modelowanie algorytmiczno-generatywne i druk 3D do po\u0142\u0105cze\u0144 w konstrukcjach bambusowych | Algorithmic-generative modeling and 3D printing for connection joints in bamboo structures<\/strong><\/span><\/h4>\n<p>&nbsp;<\/p>\n<p>[\/et_pb_text][et_pb_accordion _builder_version=&#8221;4.17.0&#8243; _module_preset=&#8221;default&#8221; global_colors_info=&#8221;{}&#8221;][et_pb_accordion_item title=&#8221;BIO&#8221; _builder_version=&#8221;4.17.0&#8243; _module_preset=&#8221;default&#8221; global_colors_info=&#8221;{}&#8221; open=&#8221;on&#8221;]<\/p>\n<p style=\"text-align: justify;\"><strong>[PL]\u00a0<\/strong>Profesor nadzwyczajny \u2013 reprezentacja i badanie architektury. Jego badania dotycz\u0105 g\u0142\u00f3wnie zagadnie\u0144 z dziedziny geometrii architektonicznej, projektowania wspomaganego algorytmami, analiz, urzeczywistnienia dziedzictwa kulturowego w VR\/AR. W 2019 roku otrzyma\u0142 nagrod\u0119 \u201eMatteo Dellepiane award\u201d, najlepszy artyku\u0142 pt. \u201eHigh Quality Texture mapping Process aimed at the optimization of 3D Structured Light models\u201d \u00a0[Wysokiej jako\u015bci proces mapowania tekstur maj\u0105cy na celu optymalizacj\u0119 modeli 3D \u015bwiat\u0142a strukturalnego], 3D-ARCH.<\/p>\n<p style=\"text-align: justify;\"><strong>[ENG]\u00a0<\/strong>Associate Professor of Architecture Survey and Representation. His research mainly topics are in the field of Architectural Geometry, Algorithms Aided Design, Survey, Cultural Heritage Fruition in VR\/AR. In 2019, he received the &#8220;Matteo Dellepiane award&#8221;, best paper entitled \u201cHigh Quality Texture mapping Process aimed at the optimization of 3D Structured Light models\u201d, 3D-ARCH.<\/p>\n<p>[\/et_pb_accordion_item][et_pb_accordion_item title=&#8221;Abstrakt&#8221; open=&#8221;off&#8221; _builder_version=&#8221;4.17.0&#8243; _module_preset=&#8221;default&#8221; global_colors_info=&#8221;{}&#8221;]<\/p>\n<p style=\"text-align: justify;\"><strong>[PL]<\/strong> Ostatnie osi\u0105gni\u0119cia technologiczne i mo\u017cliwo\u015bci oferowane przez dzisiejsze narz\u0119dzia cyfrowe radykalnie zrewolucjonizowa\u0142y metodologie i praktyki budowlane, wzmacniaj\u0105c i zwi\u0119kszaj\u0105c mo\u017cliwo\u015bci projektowe i tw\u00f3rcze architekt\u00f3w, in\u017cynier\u00f3w, projektant\u00f3w i artyst\u00f3w. Badanie w szczeg\u00f3lno\u015bci k\u0142adzie nacisk na innowacyjno\u015b\u0107, jak\u0105 wnosz\u0105 nowe narz\u0119dzia w ci\u0105g\u0142ej ewolucji, takie jak: algorytmiczno-generatywne projektowanie parametryczne i drukowanie 3D. Badania i rozw\u00f3j w tych dziedzinach pozwoli\u0142y na rozszerzenie zastosowania komputera z narz\u0119dzia maj\u0105cego na celu przyspieszenie powtarzalnych operacji do narz\u0119dzia kontroli i formalnego eksperymentowania nowych podej\u015b\u0107 projektowych i ekspresyjnych w architekturze, biokonstrukcji i projektowaniu. W artykule przedstawiono niekt\u00f3re wyniki trwaj\u0105cych bada\u0144, kt\u00f3re pog\u0142\u0119biaj\u0105 badanie nowych rozwi\u0105za\u0144 projektowych w zakresie projektowania i wdra\u017cania przestrzennych struktur siatkowych o dowolnym kszta\u0142cie geometrycznym z wykorzystaniem bambusa jako materia\u0142u. Chocia\u017c bambus jest jednym z g\u0142\u00f3wnych materia\u0142\u00f3w budowlanych w dziedzinie zr\u00f3wnowa\u017conej architektury i szybko rosn\u0105cym zasobem odnawialnym, obecnie nie jest on w pe\u0142ni wykorzystywany ze wzgl\u0119du na brak odpowiednich system\u00f3w po\u0142\u0105cze\u0144. Bambus jest naturalnie dost\u0119pnym surowcem odnawialnym, kt\u00f3ry jest do\u015b\u0107 silny i nadaje si\u0119 do zastosowa\u0144 strukturalnych. Opisano nowatorski system \u0142\u0105czenia p\u0119d\u00f3w bambusa, proponuj\u0105c nowe i zaawansowane rozwi\u0105zania, kt\u00f3re zapewniaj\u0105 projektantowi maksymaln\u0105 swobod\u0119 w komponowaniu konstrukcji o dowolnych formach. Proces wykorzystuje realizacj\u0119 wydrukowanych w 3D prototyp\u00f3w z\u0142\u0105czy, kt\u00f3re weryfikuj\u0105 zdefiniowane rozwi\u0105zanie technologiczne, pozwalaj\u0105c na zdefiniowanie nowych podej\u015b\u0107 eksperymentalnych.<\/p>\n<p style=\"text-align: justify;\"><strong>[ENG] <\/strong>Recent technological developments and the possibilities offered by today&#8217;s digital tools have radically revolutionized construction methodologies and practices, enhancing and increasing the design and creative capabilities of architects, engineers, designers and artists. The study, in particular, emphasizes the innovation brought by new tools in continuous evolution such as: algorithmic-generative parametric design and 3D printing. The research and development in these fields of investigation have allowed to extend the use of the computer from an instrument aimed at speeding up repetitive operations to an instrument of control and formal experimentation of new design and expressive approaches in architecture, bio-construction and design. The contribution presents some results of an ongoing research that deepens the study of new design solutions to design and implement spatial grid structures of free geometric shape using the material bamboo. Although bamboo is one of the main building materials in the field of sustainable architecture and a rapidly growing renewable resource, it is currently underutilized due to the lack of adequate connection systems. Bamboo is a naturally available renewable resource that is quite strong and suitable for structural applications. A novel connection system for bamboo culms is described, proposing new and advanced solutions that provide the designer with maximum freedom in composing free-form structures. The process makes use of the realization of 3D printed prototypes of the connection joints that validate the defined technological solution, allowing to define new experimental approaches.<\/p>\n<p>[\/et_pb_accordion_item][\/et_pb_accordion][\/et_pb_column][\/et_pb_row][\/et_pb_section]<\/p>\n","protected":false},"excerpt":{"rendered":"<p>Francesco DI PAOLA Professore associato | PhD, Associate ProfessorUniversita\u0300 degli Studi di Palermo | University of Palermo Modelowanie algorytmiczno-generatywne i druk 3D do po\u0142\u0105cze\u0144 w konstrukcjach bambusowych | Algorithmic-generative modeling and 3D printing for connection joints in bamboo structures &nbsp;[PL]\u00a0Profesor nadzwyczajny \u2013 reprezentacja i badanie architektury. Jego badania dotycz\u0105 g\u0142\u00f3wnie zagadnie\u0144 z dziedziny geometrii architektonicznej, [&hellip;]<\/p>\n","protected":false},"author":1,"featured_media":0,"parent":0,"menu_order":0,"comment_status":"closed","ping_status":"closed","template":"","meta":{"_et_pb_use_builder":"on","_et_pb_old_content":"","_et_gb_content_width":"","footnotes":""},"class_list":["post-139","page","type-page","status-publish","hentry"],"_links":{"self":[{"href":"https:\/\/artmediation.art\/index.php\/wp-json\/wp\/v2\/pages\/139","targetHints":{"allow":["GET"]}}],"collection":[{"href":"https:\/\/artmediation.art\/index.php\/wp-json\/wp\/v2\/pages"}],"about":[{"href":"https:\/\/artmediation.art\/index.php\/wp-json\/wp\/v2\/types\/page"}],"author":[{"embeddable":true,"href":"https:\/\/artmediation.art\/index.php\/wp-json\/wp\/v2\/users\/1"}],"replies":[{"embeddable":true,"href":"https:\/\/artmediation.art\/index.php\/wp-json\/wp\/v2\/comments?post=139"}],"version-history":[{"count":4,"href":"https:\/\/artmediation.art\/index.php\/wp-json\/wp\/v2\/pages\/139\/revisions"}],"predecessor-version":[{"id":502,"href":"https:\/\/artmediation.art\/index.php\/wp-json\/wp\/v2\/pages\/139\/revisions\/502"}],"wp:attachment":[{"href":"https:\/\/artmediation.art\/index.php\/wp-json\/wp\/v2\/media?parent=139"}],"curies":[{"name":"wp","href":"https:\/\/api.w.org\/{rel}","templated":true}]}}